e number?
True
Is 9639199049 a composite number?
True
Is 205087 composite?
True
Is 35316317093 a composite number?
False
Is 6672357767 a composite number?
False
Is 29737166413 prime?
True
Is 209315033 prime?
False
Is 26799019477 a prime number?
True
Is 201364283 a prime number?
True
Is 31356781 a composite number?
False
Is 17320601 a prime number?
True
Is 1307524937 prime?
True
Is 1792451809 composite?
False
Is 7305929 a composite number?
True
Is 12937682657 composite?
False
Is 6191811338 a composite number?
True
Is 4933779041 a prime number?
False
Is 8216065007 a prime number?
False
Is 1956708563 a composite number?
True
Is 8847237415 a prime number?
False
Is 2280416609 prime?
False
Is 2484891219 a composite number?
True
Is 1242138074 composite?
True
Is 118249129 a composite number?
False
Is 238917293 prime?
True
Is 6040005299 a prime number?
True
Is 872329403 composite?
True
Is 1706140531 a prime number?
False
Is 23188921849 a prime number?
False
Is 152094793091 composite?
True
Is 2082983791 a prime number?
False
Is 29064850627 composite?
False
Is 91592467 a composite number?
True
Is 324992419 a composite number?
True
Is 8190994213 a prime number?
False
Is 4264665679 prime?
False
Is 20165339 prime?
True
Is 38341518755 composite?
True
Is 412425241 prime?
True
Is 469184227 prime?
False
Is 15109006459 a prime number?
True
Is 1031350123 composite?
False
Is 19511608307 prime?
False
Is 1277681177 prime?
False
Is 2253400265 prime?
False
Is 1309333307 composite?
False
Is 3336901901 a prime number?
True
Is 2163260057 a prime number?
False
Is 703749763 composite?
False
Is 9183169 a prime number?
False
Is 111906106607 a composite number?
False
Is 35651302051 prime?
True
Is 730195313 prime?
True
Is 30756051419 prime?
True
Is 606255869 a prime number?
False
Is 45915253295 composite?
True
Is 8346583403 prime?
False
Is 26598326653 composite?
False
Is 3467037514 composite?
True
Is 42682618751 a prime number?
True
Is 138701535367 a prime number?
False
Is 915337627 prime?
True
Is 16660220501 composite?
True
Is 56882296237 a prime number?
False
Is 35816514159 a composite number?
True
Is 2714124995 a composite number?
True
Is 590981001499 a composite number?
True
Is 580379143 prime?
True
Is 47982271 prime?
True
Is 47144971 composite?
True
Is 4705320589 composite?
False
Is 11459505947 a composite number?
True
Is 9936653777 a composite number?
False
Is 5315843129 a composite number?
False
Is 4116861629 a prime number?
False
Is 10290456829 a composite number?
True
Is 44414780003 prime?
False
Is 198502567 composite?
False
Is 4527251 composite?
True
Is 88306892537 a prime number?
False
Is 1799914447 a composite number?
True
Is 2143859891 a prime number?
True
Is 32193833549 a composite number?
False
Is 3018431863 prime?
False
Is 15314783951 composite?
True
Is 3336043861 composite?
False
Is 35241610109 composite?
True
Is 2069408749 prime?
True
Is 2529995843 composite?
True
Is 689151017 prime?
False
Is 1597368517 a prime number?
False
Is 4790278949 composite?
False
Is 1906823161 composite?
False
Is 376079689 a prime number?
True
Is 19831686603 composite?
True
Is 2378102837 composite?
True
Is 1931500609 prime?
True
Is 10819290809 a prime number?
True
Is 2339137873 a composite number?
True
Is 256086341 prime?
False
Is 23586656759 prime?
True
Is 2291108707 a prime number?
True
Is 8656112659 a composite number?
True
Is 12466058767 composite?
True
Is 2260005973 composite?
False
Is 11074077923 a prime number?
False
Is 3219609917 a prime number?
False
Is 9726579029 a composite number?
False
Is 1071757849 prime?
False
Is 987365881 a prime number?
True
Is 11956884659 prime?
True
Is 270719693 a composite number?
True
Is 5431731769 prime?
True
Is 47008057 a composite number?
True
Is 2227963591 composite?
True
Is 6898582421 a composite number?
True
Is 23325132881 a prime number?
False
Is 216769013 a prime number?
True
Is 918603753 composite?
True
Is 2167813178 a composite number?
True
Is 5096188511 a composite number?
False
Is 54433703 a composite number?
True
Is 1728510193 prime?
False
Is 8207667467 a composite number?
True
Is 1788785209 composite?
True
Is 63751741153 a composite number?
True
Is 524000951 composite?
True
Is 3052156927 a prime number?
False
Is 683745599 prime?
True
Is 1161464709 composite?
True
Is 14653242113 composite?
False
Is 10544521577 prime?
False
Is 21144196477 composite?
False
Is 19723356253 a composite number?
False
Is 1605327721 prime?
False
Is 14557092317 a prime number?
False
Is 277459773887 a composite number?
True
Is 75510293 composite?
False
Is 69888333323 a composite number?
False
Is 116761197907 prime?
True
Is 4805202737 a composite number?
False
Is 3436306399 a prime number?
False
Is 22860068753 a composite number?
False
Is 2178506317 a prime number?
False
Is 468398471 a prime number?
False
Is 36504192589 composite?
False
Is 733540046 composite?
True
Is 147333499543 a composite number?
False
Is 51440407127 composite?
True
Is 737655883 a prime number?
True
Is 191825047 a prime number?
True
Is 39868174685 a composite number?
True
Is 286792939 composite?
False
Is 96646608367 a prime number?
True
Is 615509161 a composite number?
True
Is 17039022631 prime?
False
Is 2038639693 prime?
True
Is 25635145057 composite?
False
Is 2716236241 prime?
True
Is 3017533559 a composite number?
False
Is 50935205609 composite?
True
Is 4063155817 prime?
False
Is 33085848331 a composite number?
False
Is 26892271607 a composite number?
True
Is 6365169437 a prime number?
False
Is 8969285998 a composite number?
True
Is 8498312822 prime?
False
Is 3071531 composite?
True
Is 14260625207 composite?
True
Is 3570952557 a composite number?
True
Is 435388017 prime?
False
Is 6243550323 a prime number?
False
Is 53369359061 a composite number?
True
Is 8542231189 a composite number?
False
Is 21568357477 composite?
True
Is 1004687581 composite?
False
Is 36987577337 composite?
True
Is 2500961473 composite?
False
Is 455224477 prime?
False
Is 36379234117 a prime number?
False
Is 20867160257 prime?
True
Is 153199769 a composite number?
False
Is 1447871563 a prime number?
True
Is 36300964517 a composite number?
False
Is 2365518667 a composite number?
False
Is 1401831269 a composite number?
False
Is 481673107 a prime number?
False
Is 170980387 a composite number?
False
Is 3530027821 a prime number?
False
Is 732901757 a composite number?
True
Is 4147613219 prime?
True
Is 37079906827 a composite number?
False
Is 1683203213 prime?
True
Is 71198287478 a composite number?
True
Is 25893340579 a prime number?
False
Is 626460917 a prime number?
True
Is 2756478811 a prime number?
False
Is 10461937855 composite?
True
Is 2719750327 composite?
True
Is 2871067153 a composite number?
True
Is 82624183073 a prime number?
False
Is 4934597593 composite?
False
Is 27149460809 composite?
False
Is 202510367 composite?
False
Is 16007950163 composite?
True
Is 1840659929 composite?
False
Is 2281432621 composite?
True
Is 10229939969 a composite number?
True
Is 9737329193 prime?
True
Is 698627219 prime?
True
Is 25451518747 a composite number?
True
Is 5489732321 a composite number?
True
Is 4013631767 prime?
False
Is 1649642429 a composite number?
False
Is 589580693 prime?
False
Is 98956243 a composite number?
False
Is 5058370801 prime?
False
Is 4194436109 composite?
True
Is 89800426739 a composite number?
False
Is 211021816211 composite?
True
Is 1915681727 a composite number?
True
Is 692543791 a composite number?
False
Is 887107927 prime?
True
Is 2390174953 prime?
True
Is 44729994713 a composite number?
True
Is 45227621827 a prime number?
False
Is 19062882557 prime?
False
Is 2195933321 prime?
False
Is 2654795993 composite?
False
Is 2569034311 a prime number?
False
Is 27282988127 prime?
True
Is 923681767 a prime number?
True
Is 59351272723 prime?
False
Is 511841719 composite?
False
Is 9931348049 composite?
True
Is 8534096231 prime?
False
Is 55138149779 composite?
True
Is 412260217 a prime number?
False
Is 3448835381 a composite number?
False
Is 3089617627 a composite number?
True
Is 43663046461 prime?
False
Is 609244982 a prime number?
False
Is 32784863141 a composite number?
True
Is 209664833539 prime?
False
Is 20138551133 a composite number?
False
Is 187809142943 prime?
True
Is 133885777 a prime number?
True
Is 17